 of 6048131905?
5, 17, 71154493
List the prime factors of 73099724.
2, 18274931
What are the prime factors of 106423218?
2, 3, 11, 19, 28289
What are the prime factors of 27323141?
27323141
What are the prime factors of 268361433?
3, 89, 335033
What are the prime factors of 3163757277?
3, 2467, 427477
What are the prime factors of 20780358?
2, 3, 17, 41, 4969
What are the prime factors of 185765627?
359, 557, 929
List the prime factors of 58815042.
2, 3, 11, 13, 5273
What are the prime factors of 175055386?
2, 11, 229, 34747
What are the prime factors of 108428685?
3, 5, 37, 79, 2473
What are the prime factors of 6270183767?
89, 6389, 11027
What are the prime factors of 873042543?
3, 10778303
What are the prime factors of 20820169?
41, 507809
What are the prime factors of 54400645?
5, 13, 41, 137, 149
What are the prime factors of 215963790?
2, 3, 5, 7, 23, 61, 733
List the prime factors of 98360799.
3, 31, 1057643
List the prime factors of 32209684.
2, 13, 37, 16741
List the prime factors of 6871049.
6871049
List the prime factors of 2053586621.
17, 120799213
What are the prime factors of 542981186?
2, 11, 83, 103, 2887
What are the prime factors of 219555318?
2, 3, 197, 185749
What are the prime factors of 157372195?
5, 2381, 13219
List the prime factors of 130495647.
3, 31, 313, 4483
What are the prime factors of 30393831?
3, 13, 779329
List the prime factors of 981919619.
41, 23949259
What are the prime factors of 5461164451?
5461164451
What are the prime factors of 151474748?
2, 967, 39161
List the prime factors of 488398947.
3, 29, 127, 44203
List the prime factors of 702867728.
2, 2939, 14947
List the prime factors of 52384166.
2, 26192083
What are the prime factors of 46291488?
2, 3, 482203
List the prime factors of 641636617.
641636617
List the prime factors of 2381473368.
2, 3, 1049, 31531
List the prime factors of 332069554.
2, 67, 73, 83, 409
List the prime factors of 78280525.
5, 3131221
What are the prime factors of 55955658?
2, 3, 11, 847813
What are the prime factors of 73361288?
2, 7, 11, 13, 9161
What are the prime factors of 53049988?
2, 13262497
What are the prime factors of 12012166?
2, 17, 47, 7517
What are the prime factors of 187130992?
2, 11695687
List the prime factors of 464150631.
3, 7, 31, 712981
List the prime factors of 2941692.
2, 3, 13, 109, 173
List the prime factors of 3594306843.
3, 61, 6547007
List the prime factors of 41105063.
41105063
List the prime factors of 268053001.
31, 97, 919
List the prime factors of 1630589978.
2, 815294989
What are the prime factors of 29470902?
2, 3, 29, 169373
What are the prime factors of 203081710?
2, 5, 13, 101, 15467
List the prime factors of 929459490.
2, 3, 5, 79, 392177
What are the prime factors of 3524077?
3524077
List the prime factors of 33870899.
331, 102329
List the prime factors of 3289194459.
3, 17, 2388667
List the prime factors of 63702537.
3, 2053, 10343
What are the prime factors of 4654969580?
2, 5, 17, 541, 25307
What are the prime factors of 47255279?
1637, 28867
What are the prime factors of 29696839?
359, 82721
List the prime factors of 1188705599.
491, 2420989
What are the prime factors of 253928147?
11, 29, 179, 4447
List the prime factors of 111811404.
2, 3, 9317617
What are the prime factors of 526925356?
2, 197, 668687
List the prime factors of 55062461.
103, 283, 1889
What are the prime factors of 857005635?
3, 5, 57133709
List the prime factors of 249806461.
317, 788033
What are the prime factors of 1645946860?
2, 5, 31, 2654753
What are the prime factors of 42822717?
3, 7, 523, 557
List the prime factors of 149406838.
2, 7, 10671917
What are the prime factors of 4443650235?
3, 5, 37, 839, 3181
List the prime factors of 12267243.
3, 1363027
What are the prime factors of 1283520846?
2, 3, 43, 4974887
What are the prime factors of 460324711?
7, 11, 5978243
What are the prime factors of 415050456?
2, 3, 23, 829, 907
What are the prime factors of 57824988?
2, 3, 13, 370673
List the prime factors of 50317419.
3, 1973, 8501
What are the prime factors of 354944266?
2, 317, 559849
What are the prime factors of 164138585?
5, 13, 283, 8923
What are the prime factors of 2783777661?
3, 7, 317, 19913
What are the prime factors of 102583779?
3, 53, 677, 953
List the prime factors of 63549717.
3, 7, 11, 39301
What are the prime factors of 82991299?
157, 331, 1597
List the prime factors of 4746851059.
179, 26518721
What are the prime factors of 45774980?
2, 5, 2288749
List the prime factors of 991983342.
2, 3, 7, 61, 55313
List the prime factors of 397209598.
2, 198604799
List the prime factors of 694025554.
2, 491, 706747
List the prime factors of 5589424442.
2, 7, 23, 877, 19793
What are the prime factors of 1511961356?
2, 43, 8790473
What are the prime factors of 116762003?
59, 131, 15107
List the prime factors of 8361563.
7, 251, 4759
List the prime factors of 510961282.
2, 13, 17, 31, 89, 419
List the prime factors of 22533877.
22533877
What are the prime factors of 2194407588?
2, 3, 443, 412793
List the prime factors of 1086200377.
277, 3921301
List the prime factors of 75691937.
75691937
List the prime factors of 27004791.
3, 11, 818327
List the prime factors of 239201471.
47, 149, 34157
What are the prime factors of 1506289925?
5, 7, 8607371
List the prime factors of 3001956499.
3001956499
What are the prime factors of 1828430467?
1828430467
What are the prime factors of 30406067?
30406067
What are the prime factors of 524775233?
524775233
What are the prime factors of 300863586?
2, 3, 17, 2949643
What are the prime factors of 1046706621?
3, 241, 1447727
What are the prime factors of 868898731?
563, 1543337
List the prime factors of 385012553.
1487, 258919
What are the prime factors of 260082593?
260082593
List the prime factors of 78767423.
7, 11252489
List the prime factors of 17368623.
3, 1929847
List the prime factors of 53420455.
5, 11, 971281
List the prime factors of 22223203.
1607, 13829
List the prime factors of 151071983.
19, 7951157
What are the prime factors of 3288031244?
2, 19, 31, 41, 34039
List the prime factors of 866066668.
2, 216516667
What are the prime factors of 345984217?
2083, 166099
What are the prime factors of 5787558384?
2, 3, 19, 271, 23417
List the prime factors of 294593392.
2, 773, 23819
List the prime factors of 419851751.
11, 2131, 17911
What are the prime factors of 22177669?
197, 112577
What are the prime factors of 263739887?
17, 83, 186917
What are the prime factors of 1602480803?
7, 11, 1891949
List the prime factors of 2088874517.
131, 653, 24419
List the prime factors of 4533330933.
3, 7411, 67967
List the prime factors of 377809497.
3, 13, 3229141
What are the prime factors of 315508437?
3, 2689, 13037
List the prime factors of 9118628091.
3, 1013180899
What are the prime factors of 1538973724?
2, 107, 3595733
What are the prime factors of 20171570?
2, 5, 397, 5081
What are the prime factors of 1456244290?
2, 5, 145624429
What are the prime factors of 2836570117?
41, 131, 528127
List the prime factors of 2880284785.
5, 7, 29, 47, 173, 349
List the prime factors of 1068585559.
1019, 1048661
List the prime factors of 1044273246.
2, 3, 17, 383, 26731
What are the prime factors of 2015703915?
3, 5, 347, 387263
List the prime factors of 1081627947.
3, 79, 89, 17093
What are the prime factors of 80032381?
11, 13, 559667
What are the prime factors of 88909230?
2, 3, 5, 97, 30553
What are the prime factors of 65748309?
3, 11, 1992373
List the prime factors of 31936394.
2, 7, 1409, 1619
List the prime factors of 32272439.
277, 116507
List the prime factors of 47999418.
2, 3, 653, 12251
List the prime factors of 201610779.
3, 67203593
List the prime factors of 65147540.
2, 5, 3257377
What are the prime factors of 498373869?
3, 7, 23732089
List the prime factors of 183338514.
2, 3, 10185473
What are the prime factors of 190078006?
2, 29, 659, 4973
List the prime factors of 239271966.
2, 3, 1361, 9767
List the prime factors of 591340287.
3, 19, 10374391
List the prime factors of 1960509.
3, 653503
List the prime factors of 27511280.
2, 5, 343891
List the prime factors of 42405235.
5, 197, 43051
List the prime factors of 871114685.
5, 7, 47, 173, 3061
What are the prime factors of 2449920044?
2, 11, 13, 199, 21523
What 